ime factors of w(2)?
5, 181
Suppose -5819 - 5257 = -4*l. List the prime factors of l.
3, 13, 71
Let g = 6 + -4. Let f be (-28)/21*(-9)/g. Let j = 8 + f. What are the prime factors of j?
2, 7
Let o = 76 - 51. Suppose 1 = 5*f + 3*r - o, -3*f + 16 = 2*r. Suppose -66 - 58 = -f*x. List the prime factors of x.
31
Suppose -8*m + 5*m = -45. Suppose -m = 5*h, 318 = 4*c - h - h. What are the prime factors of c?
2, 3, 13
List the prime factors of (-21)/(-18) + (-1)/6 + 139.
2, 5, 7
Suppose -4092 = -4*p + 4*z, 0 = -11*p + 10*p + 4*z + 1014. List the prime factors of p.
2, 3, 19
Suppose 6*a = 3*a + 12. Suppose -a*x + 75 = 187. List the prime factors of 173/7 + (-8)/x.
5
Let i = -26 - -31. Let j = i - -84. What are the prime factors of j?
89
Let g be 27/12*(-32)/12. Let d = 11 - g. Let o = 23 - d. List the prime factors of o.
2, 3
Let n(v) = -25*v**2 + v - 4. Let k(z) = -z**2 + 1. Let u(s) = -3*k(s) - n(s). Let l be ((-18)/90)/((-2)/10). List the prime factors of u(l).
2, 7
Let f(c) = 41*c - 1. Let d(i) = 2*i - 9. Let j be d(5). Let b be f(j). Suppose -b = -0*x - 5*x. What are the prime factors of x?
2
Let b = 117 + -110. List the prime factors of (-1 - -2)/((b/(-7))/(-204)).
2, 3, 17
Let m(b) = 6*b - 3. Let a(x) be the second derivative of x**4/12 - x**3/2 + 3*x. Let t be a(4). What are the prime factors of m(t)?
3, 7
Suppose 24 = 3*y + 9. Suppose y*r - 2*p = 93, 3*r - 3*p - 31 = -8*p. Let i = r + -14. What are the prime factors of i?
3
Let h(v) = -v**2 + 12*v - 2. Let p be (-3 - (2 - 7)) + 23. Let y = p + -15. What are the prime factors of h(y)?
2, 3
Let u(t) = 27*t - 15. Let f(r) = 14*r - 8. Let z(c) = 5*f(c) - 3*u(c). What are the prime factors of z(-4)?
7
Let m(i) = 5*i - 3. Let t be m(4). Let q = 19 - t. Let c(o) = 10*o**2 - o - 1. List the prime factors of c(q).
37
Let c(b) = -116*b + 246. List the prime factors of c(-5).
2, 7, 59
What are the prime factors of (144/(-60))/((-3)/670)?
2, 67
What are the prime factors of (-11)/(-1) + 909 + 31?
3, 317
Let q(i) = -2*i - 33. Let g be q(-18). List the prime factors of 3*332/18*g.
2, 83
Let j = 0 - 4. Let g(a) be the second derivative of a**4/12 + a**3/2 + 5*a. List the prime factors of g(j).
2
Let h = -246 - -526. Let n = -136 + h. Suppose n = 11*c - 7*c. What are the prime factors of c?
2, 3
Let b = 5565 - 3797. What are the prime factors of b/32 + -1 + (-9)/(-12)?
5, 11
Let r = -49 + 53. Suppose 21 = r*g - 4*s - 27, g = 3*s + 20. List the prime factors of g.
2
Let b = 963 - 656. List the prime factors of b.
307
Let a(s) = s**3 - 5*s**2 + 5*s - 1. Let u be a(4). Suppose 3*l = u*t + 147, -3*t = -l + 55 - 16. What are the prime factors of l?
2, 3
Let m be (-5)/((-4)/(2 + 2)). Suppose -m*c + c = -12. List the prime factors of -4*((-2)/(-1) - c).
2
List the prime factors of (-22)/((-7)/5 - (14 + -15)).
5, 11
Let r = 0 + 10. What are the prime factors of 1435/14*8/r?
2, 41
Let b be ((-2)/6)/((-4)/12). Let z be -42 - (1 - b/(-1)). What are the prime factors of (z + -2)*(-2 - -1)?
2, 23
Suppose -2034 = 2*z - 8*z. What are the prime factors of z?
3, 113
What are the prime factors of 9 - (10 - 16 - 3234)?
3, 19
Suppose -238 - 334 = -4*j. Suppose 0 = -3*i - 2*y + j, -6*i + i + 3*y = -251. What are the prime factors of i?
7
Suppose 3 = -5*k + 53. Suppose k + 66 = 2*x. List the prime factors of x.
2, 19
Let z = -14 - -18. Suppose z*u = 53 + 79. List the prime factors of u.
3, 11
Let p be -1*(-1 + -3 + 5). Let a be 4 + (2 - 3) + p. Suppose -3*q = -3*j - j + 109, -a*j = 5*q - 35. List the prime factors of j.
5
List the prime factors of (-8)/(-6)*(387 + -6 + 6).
2, 3, 43
Suppose 0 = j + 3*n - 213, -3*n = -1 - 5. Suppose -l = 2*l - j. Let z = 98 - l. List the prime factors of z.
29
Let j(l) = -l**3 - 13*l**2 + 21*l + 34. Let g be j(-14). Let i = g + 119. What are the prime factors of i?
5, 11
Let i(n) = -18*n**3 + 5*n**2 + 6*n + 2. Let t be i(-2). Suppose 182 = 2*c - t. What are the prime factors of c?
2, 3, 7
Suppose 671 = 6*k + 161. Let h = 79 + k. What are the prime factors of h?
2, 41
Let g(t) = 4*t**2 + t + 2. Suppose 0 = -x - 1 + 3. Let m be g(x). List the prime factors of 13/(-13) + -1 + m.
2, 3
Let a be (-18)/(-4) + (-8)/16. Suppose 0 = -y + a*n - 5, 3*y - 4*n - 11 + 2 = 0. Let z = y - 4. What are the prime factors of z?
3
Suppose -5*i + 3*q + 171 = 67, 5*q = -15. Let j = 146 - i. List the prime factors of j.
127
List the prime factors of 3/11 - (-97164)/198.
491
Suppose 17*c = 11011 + 3779. List the prime factors of c.
2, 3, 5, 29
Suppose 5 = -2*w - 3. List the prime factors of ((-12)/18)/(w/390).
5, 13
Let t = -2401 - -6426. List the prime factors of t.
5, 7, 23
Let r = -1 - -1. Suppose -34*g + 29*g + 40 = -5*s, -5*g + 24 = -s. Suppose -2*x = 6 - 0, r = 3*t + g*x - 174. What are the prime factors of t?
2, 31
Suppose -5*h + 2215 = 2*x, -159 = 2*h + 5*x - 1045. List the prime factors of h.
443
Let z(x) = -26*x - 4. Let b be z(-2). Suppose -4*p - 12 + b = 0. Suppose -96 = -3*m + p. List the prime factors of m.
5, 7
Let c = -12 + 17. What are the prime factors of 7*(4/(-10) - (-17)/c)?
3, 7
Suppose 0 = 4*z - 135 + 31. Suppose -6*r - z = -122. List the prime factors of r.
2
Suppose b - 10 = 3*u + 2, 4*b - 21 = 3*u. What are the prime factors of (-3)/(b/(-130)) - -1?
131
Suppose -32 - 3 = -7*z. Suppose 2*j + 3*j = 4*k + 1167, z*k = 2*j - 460. What are the prime factors of j?
5, 47
Suppose 0 = -10*h + 3 + 27. Suppose z - m - 9 = 41, -h*z + 150 = m. What are the prime factors of z?
2, 5
Let v be (-8)/20 + 1126/(-10). Let r = 177 + v. What are the prime factors of r?
2
Let x be 1/((-2)/8) + 21. Let s = 25 + -34. Let k = x - s. List the prime factors of k.
2, 13
List the prime factors of 0 + 3503 + (-129 - -131).
5, 701
Let x be (-1)/((-51)/13 + 4). Let a(v) = v**2 + 11*v + 4. What are the prime factors of a(x)?
2, 3, 5
Suppose -2*u - 2*u + 19676 = 0. What are the prime factors of u?
4919
Let h = -15 + 15. Suppose 8*p - 4*p + 4 = h. List the prime factors of p/4 + 125/4.
31
Let r be 6/(-15) + (-352)/(-5). Suppose -r - 44 = -3*l. List the prime factors of l.
2, 19
Let s(f) = 0 + 4*f + 2 - 3 + 3. Let g be s(-11). List the prime factors of 12/g - (-72)/7.
2, 5
Let x be 0/(-1) - (10 + -6 + 5). What are the prime factors of -1 + x/((-45)/430)?
5, 17
Let w = -31 - -17. Let j be w + (-4 - -3) + 0. Let u = j - -53. List the prime factors of u.
2, 19
Let c(h) = h**3 + 7*h**2 + 5*h - 6. Let k be c(-6). Suppose 115 = -k*m + m. List the prime factors of m.
5, 23
Let z = -517 - -987. List the prime factors of z.
2, 5, 47
Suppose 0 = -4*p - 2*n - 0*n + 1016, 0 = -n - 4. Let i = p + -154. List the prime factors of i.
2, 3, 17
Suppose 6*k - 4*p = 2*k - 8, 0 = 2*k - 5*p + 4. Let b be 3 + ((-12)/k)/(-2). What are the prime factors of b + 31 + -3 + 1?
29
Suppose -21*f + 5522 - 377 = 0. What are the prime factors of f?
5, 7
Let c be 9/(-12) + 1 + 21/12. Let j be (-3*(-2 - -1))/1. Suppose -c*g + 43 = j*m, -m - g = -8 - 8. What are the prime factors of m?
11
Let h(b) = 416*b + 7. What are the prime factors of h(4)?
3, 557
Let y(d) = -7*d**3 - 3*d**2 - 2*d + 1. Let o be y(-2). List the prime factors of 2 - 2/1*o/(-2).
3, 17
Suppose -2*c + 13 = -17. Suppose c*f = 12*f + 258. Suppose -5*g + 74 = 5*w - f, 2*w = -3*g + 60. List the prime factors of w.
2, 3
Let w(o) = -176*o - 217. What are the prime factors of w(-18)?
13, 227
Suppose -519*x + 80997 = -498*x. What are the prime factors of x?
7, 19, 29
Suppose -40*o + 180 = 60. Let i(r) = 2*r**2 + 8*r - 5. Let y be i(5). Suppose -o*d + y = 4*c, -d - 5 = -0*d. What are the prime factors of c?
5
Suppose 2*r = 4*k - 104, -96 - 53 = 3*r + k. Let z = -71 - r. Let d = z - -53. What are the prime factors of d?
2
Let j = -13 - -5. Let s = 89 + j. List the prime factors of s.
3
Let o(y) = -y**3 - 4*y**2 - 15*y + 1355. List the prime factors of o(0).
5, 271
Suppose 0 = 7*c - 5*c + 2*f - 7566, -6 = 2*f. List the prime factors of c.
2, 3, 631
Suppose 680 = d - 4*w, 100*d + 662 = 101*d + 2*w. List the prime factors of d.
2, 167
Suppose 0 = -3*o - 36 + 12. Let i = -5 - o. Suppose 2*p = -i*x + p + 39, 5*p = 0. What are the prime factors of x?
13
Suppose 0 = 2*k - 12*y + 15*y - 907, 3*k - 1360 = -4*y. Let u = k - 264. List the prime factors of u.
2, 47
Let d(g) = -g**2 - g + 1. Let a(k) = k**3 + 5*k**2 - 2*k -